base 8) to base 10.
4108
What is -aa70 (base 14) in base 2?
-111001100111010
-a95b (base 12) to base 16
-48d7
Convert -1122202121 (base 3) to base 5.
-2021012
What is -2242 (base 10) in base 11?
-1759
What is -2223222 (base 4) in base 9?
-16056
-612 (base 9) to base 12
-355
What is -414 (base 10) in base 9?
-510
Convert -123ca (base 13) to base 2.
-1000001101011100
Convert 1116 (base 8) to base 10.
590
What is -3013 (base 4) in base 14?
-103
What is -12202301 (base 4) in base 16?
-68b1
3431 (base 5) to base 16
1eb
Convert -12 (base 11) to base 8.
-15
What is -10515 (base 6) in base 4?
-113033
What is 241412 (base 5) in base 4?
2030112
1588 (base 12) to base 10
2552
-2 (base 14) to base 6
-2
What is -23603 (base 7) in base 12?
-3668
-7786 (base 11) to base 13
-4891
What is -1080 (base 11) in base 10?
-1419
-1421 (base 7) to base 8
-1052
What is -caa (base 13) in base 4?
-201320
What is 124 (base 16) in base 4?
10210
-3c04 (base 14) to base 15
-320d
Convert -2346 (base 7) to base 8.
-1543
What is 1307 (base 16) in base 5?
123441
What is -4bee (base 16) in base 2?
-100101111101110
Convert 94b (base 13) to base 15.
709
Convert 39545 (base 10) to base 4.
21221321
Convert 241474 (base 8) to base 7.
463151
Convert 820 (base 12) to base 2.
10010011000
-c2d (base 16) to base 9
-4243
Convert 4737 (base 8) to base 10.
2527
-2200 (base 5) to base 12
-210
What is 10000001100 (base 2) in base 7?
3010
24650 (base 7) to base 3
22220212
Convert 104401 (base 5) to base 4.
322032
2241 (base 5) to base 6
1253
What is 379 (base 11) in base 16?
1c1
What is 1345 (base 7) in base 16?
20b
Convert -34633 (base 7) to base 14.
-3353
-100101001111 (base 2) to base 12
-1467
Convert 33774 (base 8) to base 13.
66a6
Convert 22022 (base 4) to base 14.
346
What is 260 (base 16) in base 9?
745
-10d (base 15) to base 7
-460
What is 120000 (base 4) in base 6?
11040
1021 (base 15) to base 2
110101001110
Convert -13474 (base 12) to base 7.
-140335
-12cf0 (base 16) to base 2
-10010110011110000
What is 25aa (base 13) in base 2?
1010100000011
2102042 (base 5) to base 14
c8ab
Convert -247 (base 13) to base 6.
-1501
What is 19572 (base 10) in base 8?
46164
-10101100110001 (base 2) to base 14
-405b
Convert 112022 (base 5) to base 13.
1a98
-1122212211 (base 3) to base 4
-13333033
13014 (base 5) to base 13
5c8
What is -70 (base 14) in base 12?
-82
Convert -7aa (base 11) to base 12.
-687
Convert -322201 (base 4) to base 2.
-111010100001
Convert 12031 (base 4) to base 8.
615
What is -33683 (base 10) in base 6?
-415535
-2775 (base 8) to base 14
-7b7
36001 (base 7) to base 16
242e
Convert -14003 (base 10) to base 11.
-a580
55 (base 16) to base 11
78
What is 3160 (base 7) in base 9?
1474
-12000001 (base 3) to base 7
-13426
What is 30132230 (base 4) in base 16?
c7ac
-22 (base 7) to base 8
-20
-55 (base 15) to base 6
-212
-6b (base 12) to base 13
-65
Convert 282 (base 12) to base 8.
602
Convert 417c (base 16) to base 6.
205340
Convert -2031 (base 6) to base 8.
-703
What is 1110110010 (base 2) in base 3?
1022001
-5429 (base 12) to base 16
-2421
-201020 (base 3) to base 2
-1000000111
What is 1202202122 (base 3) in base 16?
8804
548 (base 12) to base 8
1410
Convert -212 (base 15) to base 6.
-2055
Convert -100110111011110 (base 2) to base 15.
-5d8e
Convert 211010 (base 4) to base 15.
a82
Convert -682 (base 12) to base 3.
-1022122
What is -559 (base 10) in base 16?
-22f
Convert 22595 (base 10) to base 2.
101100001000011
Convert -41224 (base 7) to base 5.
-310223
What is -20623 (base 8) in base 6?
-103443
1101011000 (base 3) to base 14
9c25
What is 100121212 (base 3) in base 14?
27b2
What is 17503 (base 9) in base 4?
2330220
What is -1121110 (base 3) in base 12?
-819
What is -42105 (base 6) in base 7?
-22331
Convert 7300 (base 9) to base 16.
14e2
What is 10310 (base 5) in base 14?
385
-65a4 (base 11) to base 3
-102221102
Convert -24013 (base 5) to base 10.
-1758
-12021 (base 7) to base 12
-1966
Convert -a71 (base 14) to base 12.
-1237
6472 (base 10) to base 15
1db7
Convert 297 (base 15) to base 16.
250
Convert 29001 (base 10) to base 11.
1a875
Convert -2301 (base 5) to base 6.
-1302
What is 4a2 (base 12) in base 15?
318
-26a (base 14) to base 11
-402
What is 2102012 (base 3) in base 4?
123200
10002200 (base 3) to base 14
b75
466 (base 13) to base 11
631
Convert -1c86 (base 13) to base 5.
-114320
302 (base 7) to base 16
95
Convert 122110 (base 3) to base 7.
1242
445 (base 12) to base 7
1556
What is -2202 (base 8) in base 2?
-10010000010
What is c8dd (base 15) in base 3?
2011022101
Convert 312304 (base 6) to base 12.
12694
What is 104011 (base 5) in base 12?
2127
1599 (base 11) to base 9
2721
4a91 (base 11) to base 9
10081
What is 1013 (base 9) in base 11?
614
What is 18148 (base 12) in base 3?
1202200102
Convert 3453 (base 8) to base 10.
1835
233405 (base 8) to base 7
451063
Convert -34122 (base 5) to base 7.
-10014
Convert 203520 (base 6) to base 4.
10000020
84b (base 16) to base 4
201023
Convert 100252 (base 6) to base 3.
101210212
Convert d1d0 (base 15) to base 9.
66676
What is -276 (base 16) in base 14?
-330
Convert e1b (base 16) to base 8.
7033
Convert -1871a (base 12) to base 5.
-2114330
What is 3a6 (base 14) in base 7?
2066
What is -515334 (base 6) in base 7?
-231442
What is -57300 (base 8) in base 4?
-11323000
What is 102101 (base 3) in base 15?
157
What is -221324 (base 5) in base 9?
-11521
What is 15350 (base 12) in base 4?
13102230
-60a8 (base 13) to base 7
-53556
Convert 20230 (base 5) to base 14.
69d
What is -40635 (base 10) in base 8?
-117273
What is -4742 (base 9) in base 6?
-24145
Convert 98ff (base 16) to base 15.
b912
-60075 (base 8) to base 2
-110000000111101
-16663 (base 8) to base 13
-35cb
Convert -10001011 (base 2) to base 5.
-1024
Convert -513 (base 10) to base 6.
-2213
What is -41313 (base 5) in base 8?
-5224
Convert -21122020 (base 3) to base 12.
-3280
-1223 (base 13) to base 5
-40224
Convert 3634 (base 9) to base 5.
41304
What is -2402 (base 5) in base 10?
-352
Convert -143511 (base 6) to base 11.
-a401
-49c (base 15) to base 7
-3024
What is -723b (base 13) in base 10?
-15767
Convert 65646 (base 9) to base 8.
125023
Convert -181b (base 12) to base 3.
-10222112
4863 (base 9) to base 5
103441
304c4 (base 13) to base 4
111013313
113 (base 10) to base 4
1301
What is 3a2 (base 11) in base 6?
2111
Convert -2312020 (base 4) to base 7.
-45661
What is 111001110 (base 2) in base 11?
390
What is -21022 (base 3) in base 12?
-145
Convert -75b (base 13) to base 11.
-a45
What is -12121011 (base 3) in base 12?
-2441
26d (base 15) to base 6
2321
Convert -3952 (base 14) to base 9.
-14726
1321330 (base 4) to base 14
2bb6
Convert 1111011011 (base 2) to base 6.
4323
Convert 1486 (base 10) to base 2.
10111001110
125255 (base 7) to base 6
300342
-bb3 (base 12) to base 16
-6b7
Convert -133 (base 6) to base 5.
-212
Convert 43cc (base 15) to base 12.
8393
What is -1078 (base 11) in base 10?
-1416
Convert -1412301 (base 5) to base 2.
-111000110010100
13233222 (base 4) to base 14
b7bc
What is 22 (base 10) in base 3?
211
Convert 2ab (base 15) to base 4.
21203
Convert -11131033 (base 4) to base 11.
-1587a
Convert -1003 (base 9) to base 11.
-606
What is -747 (base 14) in base 3?
-1222011
What is -115 (base 11) in base 8?
-211
-5136 (base 8) to base 14
-d78
-2311332 (base 4) to base 13
-53bb
-1011022 (base 3) to base 15
-3b5
What is -8610 (base 10) in base 5?
-233420
What is -11010100100100 (base 2) in base 3?
-200122212
-33b (base 13) to base 2
-1000101101
-3228 (base 15) to base 3
-112120002
What is -529 (base 13) in base 3?
-1012121
-10000110010001 (base 2) to base 6
-103441
311 (base 15) to base 2
1010110011
Convert 9a (base 15) to base 9.
171
Convert -2002020 (base 4) to base 5.
-231303
What is -6866 (base 10) in base 13?
-3182
What is 1e1 (base 15) in base 4?
12310
What is 2a6 (base 13) in base 5?
3344
Convert 765 (base 9) to base 11.
51a
-8b69 (base 12) to base 2
-11110010000001
-122102 (base 4) to base 11
-129a
Convert 838 (base 15) to base 10.
1853
-173 (base 10) to base 3
-20102
What is 260 (base 8) in base 15?
bb
Convert 10001101100010 (base 2) to base 10.
9058
Convert 20014 (base 8) to base 9.
12225
Convert 1400 (base 9) to base 7.
3033
What is -2533 (base 15) in base 14?
-2c5d
-33230 (base 5)